. Give s(5).
11
Let t(k) = 2*k**3 + 3*k**2 + k + 1. Let m = -489 - -743. Suppose -130 = -4*u + m. Let l = u - 98. What is t(l)?
-5
Let n(g) = -2*g**2 - 15*g - 21. Let m = 635 + -641. Give n(m).
-3
Let p(n) be the first derivative of -n**3/3 + 19*n**2/2 + 97*n + 4046. Determine p(-4).
5
Let t = 8244 - 8242. Let q(w) = 2*w**3 + 3*w**2 - 3*w + 2. What is q(t)?
24
Let w(n) be the first derivative of 7*n**2/2 + n - 188. Let d(t) = t**2 - 14*t - 12. Let x be d(14). Let j be 3/2*x/(-9). Determine w(j).
15
Let y(j) = j - 29. Let c(x) = -x**2 + 24*x - 36. Let g be c(22). Let a be 5 - 9 - g/(2 + -4). Let h be (0 + -2 - -2)*(a + -1). Determine y(h).
-29
Let c(x) = x**3 - 24*x**2 - 26*x + 14. Let h(l) = l**2 + 103*l + 2545. Let f be h(-40). Give c(f).
-11
Let a(f) = -2*f + 32. Let l(y) = -2*y**2 + 87*y + 1493. Let u be l(-13). Determine a(u).
-16
Let z(v) = -4*v**3 - 1. Let f(a) = 12*a + 185. Let o be f(-15). Suppose 2*k - 3*q = -2*q - 2, -4*q - o = 5*k. What is z(k)?
3
Let x(m) = 2*m**2 + 2*m + 8. Let j(v) = -v**2 + 2*v. Suppose 0 = -4*p - 3 - 1. Let h(n) = p*x(n) - 3*j(n). Calculate h(7).
-15
Let c(g) = 5*g - 4*g + 0*g - 5. Suppose 13 - 1165 = -4*l. Let i = l + -293. Give c(i).
-10
Let r(l) = -l**3 - 6*l**2 + 7*l + 4. Let m = 77 + -69. Let f be ((-28)/m)/((-4)/(-3 - 5)). Give r(f).
4
Let g = -212 + 228. Let a(c) = 12 + 32*c**2 - 31*c**2 - g - 4*c. Let y be (-3)/(-2)*(5 - 1). Give a(y).
8
Suppose u - 3*u + 18 = 0. Let y(l) be the third derivative of l**6/120 - 2*l**5/15 - 5*l**4/12 + 3*l**3/2 + 2*l**2 + 10*l + 175. Give y(u).
0
Let u(l) = -4*l + 27*l - 14*l - 11*l - 4. Let s(m) = -m - 8. Let y be s(-2). Determine u(y).
8
Let k(y) = 14 - 2*y + 20 - 56 + 11 + 12 + 6*y**2. Give k(-2).
29
Let i = 3526 + -3527. Let j(g) = 33*g**3 - 2*g**2 + 1. Calculate j(i).
-34
Suppose -73 = -2*v - 17. Let b(h) = 58*h - 29*h - 3 - v*h. What is b(-6)?
-9
Let a(f) be the first derivative of -2*f**2 + 26*f + 239. Determine a(11).
-18
Let a = -16875 + 16876. Let v(u) = -32*u + 6. Calculate v(a).
-26
Let z(r) = -r**2 + 2*r**2 - 5*r**2 + 5*r + r**3 - 4*r**2. Suppose -10*b + 17 = -53. What is z(b)?
-14
Let n(h) be the third derivative of 7*h**4/24 + 15*h**3/2 - 25*h**2. Give n(-7).
-4
Let t(i) = -9*i**3 - 19*i**2 + 2*i + 201. Let p(q) = 5*q**3 + 10*q**2 - 113. Let f(o) = -7*p(o) - 4*t(o). Calculate f(-6).
35
Let u(c) = -c**3 + 5*c**2 + 7*c - 6. Let d(o) = 2*o. Let l be d(2). Let w = -18025 + 18029. Suppose -2*h = 4*s - 0*s - 20, 0 = -w*s + l*h + 32. Determine u(s).
0
Suppose -u = u - 16. Let p(x) be the first derivative of -x**3/3 + 5*x**2 + 6*x - 484. Determine p(u).
22
Suppose -2*f - 10 = 0, 2*f + 2*f = k - 22. Let u(b) = -b**k - 144*b + 7 + 65*b + 67*b. Give u(-8).
39
Let n(i) = -131*i**2 + 385*i**2 - 2*i + i**3 - 126*i**2 - 1 - 2*i**3 - 131*i**2. Give n(-2).
-1
Let b = 98 + -101. Let d(r) = 23*r + 13. What is d(b)?
-56
Let l(r) = -9*r + 209. Let o be l(23). Suppose 5*t - 2*t + 2*c - 1 = 0, 6 = 4*t - o*c. Let m(x) = 1 - 16*x**2 + x**2 - 6*x**2. Give m(t).
-20
Let a(r) = 47*r + 7. Suppose 2*s + s - 4*s - 2*s = 0. Calculate a(s).
7
Suppose 12 = -5*w + 4*y - 6, 4*w - 5*y = -9. Let g = 5 + w. Let x(i) be the first derivative of -i**2/2 - i - 226. What is x(g)?
0
Let s(t) be the first derivative of t**5/120 + t**4/24 + 13*t**3/3 - 144. Let j(c) be the third derivative of s(c). Give j(0).
1
Let t = 5202 + -5199. Let g(j) = j**3 - 4*j**2 + 18*j - 47. Determine g(t).
-2
Let t(n) = -5*n**3 + 5*n**3 - 2 + 4*n - 4*n**2 - n**3. Suppose -706*m + 717*m = 0. Suppose m = 5*k + 48 - 23. Calculate t(k).
3
Suppose 10*q = 8*q. Suppose -j + 2 = -q*j - b, b + 26 = 5*j. Let d(f) = -7*f - f**2 - 4*f**2 - f + 7 + f**3. Give d(j).
-5
Let t(c) = 8*c - 3. Let v be (-2)/(-5)*(-15)/(-6). Let x be t(v). Let l(d) = 12 - d + 2*d - 8 - 2*d. Calculate l(x).
-1
Let l = 26 - 17. Let p be 4 - 0 - (21 + -1). Let z = p + l. Let b(f) = -f - 1. Calculate b(z).
6
Let u(m) = -19*m**2 - 4*m - 1. Let o = -17139 - -17138. Give u(o).
-16
Let z(k) = 539*k**2 + 540*k**2 - 1078*k**2 - 57. Determine z(-7).
-8
Suppose -w = -3*b - 2, -4*b - 5 = -w - 4. Let u(z) = w + 1 + 0*z + 4*z. Let r be -5*(-5)/(50/(-8)). Give u(r).
-10
Let x(z) = 3*z - 25*z - 2 + 3. Suppose -q - 9 = -0*w + w, -3*w = 4*q + 33. Let r be (40 + -43)*(q/9)/(-2). What is x(r)?
23
Let q(m) be the second derivative of -m**3/6 - 47*m. Suppose d + 2*n = 13, -3*d + 6*d = -2*n + 23. Give q(d).
-5
Let n(b) = -b + 13. Suppose 21*r + 20*r = -21*r + 6*r. Determine n(r).
13
Let u(c) = 11*c**2 + 14*c + 37. Let k be u(-11). Let q(w) = -2*w + 1213 + w**3 - k - 12*w**3. Calculate q(-1).
12
Let f(s) be the first derivative of s**4/4 + 4*s**3/3 + s**2 + 2*s - 6. Let v(x) = 42*x + 249. Let m be v(-6). Calculate f(m).
5
Let s be (-19)/114*-16*4/((-32)/(-6)). Let w(b) = 16*b**3 - 3*b**2 + 3*b - 3. Calculate w(s).
119
Let f(o) = -33*o - 338. Let t(h) = -4*h - 40. Let a(u) = -4*f(u) + 34*t(u). Determine a(-3).
4
Let f = 6 - 30. Let z = -19 - f. Let j(x) = 14*x**2 + 41*x - 49. Let k(p) = -5*p**2 - 14*p + 17. Let r(c) = -6*j(c) - 17*k(c). What is r(z)?
-10
Let r(p) be the third derivative of 5*p**4/6 - 31*p**3/3 + 105*p**2 + 5*p. Determine r(3).
-2
Let w(h) = -22*h + 26 + 4*h + 29*h - 15*h. Give w(10).
-14
Let c be 3*-1 + -3 + 3. Let h(o) be the third derivative of o**5/60 + o**4/8 - 59*o**3/2 + 86*o**2. Let i(j) be the first derivative of h(j). Calculate i(c).
-3
Let p(v) = -56*v + 41. Let q(u) = 43*u - 42. Let n(s) = 4*p(s) + 5*q(s). Calculate n(-5).
-1
Let a = -7548 + 7554. Let o(z) = 12*z - 55. Give o(a).
17
Let s(l) = l - 43. Let k be (6 + 3 + -3 + -5)*(-7 - -45). Determine s(k).
-5
Let i(z) = 2*z**2 + 13*z - 2. Let t(j) = 20 + 2*j**2 + 0*j**2 - 25*j + 6. Let v be t(11). Determine i(v).
5
Let w(i) = -i**3 - i**2 + 4*i - 7. Suppose -3*v + 5*q = 4, -13 = 5*v + 2*q + 4. Give w(v).
-1
Let k = 47 - 49. Let o be 1/2*k*1. Let s(j) = j**2 - 1. Let y(t) = -6*t**2 - 11*t - 7. Let l(x) = o*y(x) - 5*s(x). Calculate l(-10).
2
Let r(m) = 114*m - 344. Let z be r(3). Let g(o) = -27*o - 49. Calculate g(z).
5
Let x = -1182 - -1188. Let j(a) = a**2 - a - 26. Calculate j(x).
4
Let x(y) be the second derivative of y**4/6 + 13*y**3 + 18*y**2 + 436*y + 3. What is x(-39)?
36
Let p(z) = 38*z - 47. Let c(w) = -24*w + 31. Let m(n) = 8*c(n) + 5*p(n). What is m(12)?
-11
Let k(d) = -2*d**2 - 28*d - 60. Suppose 2*p - 20456 = -20480. Calculate k(p).
-12
Let w(g) be the third derivative of g**6/30 - g**5/60 - g**4/4 + 5*g**3/6 + 4*g**2 + 72*g + 2. What is w(2)?
21
Let j(u) = u**3 - 17*u**2 - 7*u. Let i(d) = -2*d**2 - 1. Let r(a) = 4*i(a) - j(a). What is r(10)?
-34
Let w(h) = -h + 0*h + 6*h**2 + 0 - 1. Let n(f) = -13*f**2 + f + 2. Suppose -61*u = -35*u + 78. Let j(l) = u*n(l) - 5*w(l). Calculate j(1).
10
Let k(d) = -4*d. Suppose 0 = 5*w + 3*u - 0*u - 647, -5*u = 5. Suppose -9*n = c - 5*n + 122, -c = -n + 127. Let p = c + w. Give k(p).
-16
Let n(q) be the third derivative of 1/3*q**3 + 1/120*q**6 + 1/12*q**4 + 0 + 4*q**2 + 1/60*q**5 + 0*q. Let a be 12 + -18 + -3 - -7. What is n(a)?
-6
Let p be (-4)/14 + (-26)/7. Let w(x) = 7*x - 1095. Let j(o) = -o + 184. Let d(s) = 6*j(s) + w(s). What is d(p)?
5
Let v(r) = 8*r - 12. Let d(t) = 61*t - 206. Let m(b) = -d(b) + 3*v(b). Calculate m(5).
-15
Let t(v) = 2*v - 44. Let o be t(23). Let p(a) = a**3 - 4*a - o + 9 + 4*a**2 - 2. Calculate p(-5).
0
Let h(k) be the third derivative of 35*k**4/24 - k**3/2 + 3*k**2 - 105. Give h(1).
32
Suppose 0 = 5*a + 3*j + 5, 0 = -3*a + 6*a + 4*j - 8. Let w(f) = 3*f + 18. Let r be w(a). Let y(o) = o**2 - 7*o + 2. Give y(r).
-4
Let t(h) = -h**2 + 130*h - 850. Let y be t(7). Let v(z) = -7*z + 68. What is v(y)?
-9
Let i(m) = 6*m**2 - 2*m - 2. Let w(j) = 15*j**2 + 34*j - 4. Let z(v) = -2*i(v) + w(v). Calculate z(-14).
56
Let p = 11 + -11. Let q(t) = -16*t - 221. Let n(f) = 3*f + 41. Let r(i) = -11*n(i) - 2*q(i). Determine r(p).
-9
Let c(q) = q**2 + 19*q - 22. Let n = -1669 + 1649. What is c(n)?
-2
Let r(o) = o**3 + 3. Let k be r(0). Let p(s) be the second derivative of s**4/12 - 5*s**3/6 + 3*s**2/2 + 5329*s. What is p(k)?
-3
Let m(c) = 6*c + 3. Let o(q) = -12*q - 4. Let a(x) = -11*m(x) - 6*o(x). Let i be a(3). Let k(r) = -r**2 + 11*r - 10. Calculate k(i).
8
Let b(a) = -20*a**2 + 290*a - 133. Let x(n) = 11*n**2 - 158*n + 67. Let f(h) = -6*b(h) - 11*